{"id":158,"date":"2009-03-05T21:54:21","date_gmt":"2009-03-05T20:54:21","guid":{"rendered":"http:\/\/www.lindentheater-frechen.de\/?page_id=158"},"modified":"2012-09-05T11:10:05","modified_gmt":"2012-09-05T09:10:05","slug":"kartenreservierung-und-kontakt","status":"publish","type":"page","link":"https:\/\/www.linden-theater-frechen.de\/?page_id=158","title":{"rendered":"Kontakt"},"content":{"rendered":"<p>Hier haben Sie die M\u00f6glichkeit, direkt \u00fcber unser Kontaktformular mit uns in Verbindung zu treten. Unter dem Formular finden Sie weitere M\u00f6glichkeiten des Kontaktes.<\/p>\n<p><b>Bitte Kartenreservierungen \u00fcber unser <a href=\"https:\/\/www.linden-theater-frechen.de\/?page_id=193\">spezielles Formular<\/a> eingeben!<\/b><\/p>\n\n<div class=\"wpcf7 no-js\" id=\"wpcf7-f1917-o1\" lang=\"en-US\" dir=\"ltr\" data-wpcf7-id=\"1917\">\n<div class=\"screen-reader-response\"><p role=\"status\" aria-live=\"polite\" aria-atomic=\"true\"><\/p> <ul><\/ul><\/div>\n<form action=\"\/index.php?rest_route=%2Fwp%2Fv2%2Fpages%2F158#wpcf7-f1917-o1\" method=\"post\" class=\"wpcf7-form init\" aria-label=\"Contact form\" novalidate=\"novalidate\" data-status=\"init\">\n<fieldset class=\"hidden-fields-container\"><input type=\"hidden\" name=\"_wpcf7\" value=\"1917\" \/><input type=\"hidden\" name=\"_wpcf7_version\" value=\"6.1.5\" \/><input type=\"hidden\" name=\"_wpcf7_locale\" value=\"en_US\" \/><input type=\"hidden\" name=\"_wpcf7_unit_tag\" value=\"wpcf7-f1917-o1\" \/><input type=\"hidden\" name=\"_wpcf7_container_post\" value=\"0\" \/><input type=\"hidden\" name=\"_wpcf7_posted_data_hash\" value=\"\" \/>\n<\/fieldset>\n<p>Ihr Name (Pflichtfeld)\n<\/p>\n<p><span class=\"wpcf7-form-control-wrap\" data-name=\"your-name\"><input size=\"40\" maxlength=\"400\" class=\"wpcf7-form-control wpcf7-text wpcf7-validates-as-required\" aria-required=\"true\" aria-invalid=\"false\" value=\"\" type=\"text\" name=\"your-name\" \/><\/span>\n<\/p>\n<p>Ihre Email (Pflichtfeld)\n<\/p>\n<p><span class=\"wpcf7-form-control-wrap\" data-name=\"your-email\"><input size=\"40\" maxlength=\"400\" class=\"wpcf7-form-control wpcf7-email wpcf7-validates-as-required wpcf7-text wpcf7-validates-as-email\" aria-required=\"true\" aria-invalid=\"false\" value=\"\" type=\"email\" name=\"your-email\" \/><\/span>\n<\/p>\n<p>Ihre Telefonnummer (bitte angeben!)\n<\/p>\n<p><span class=\"wpcf7-form-control-wrap\" data-name=\"text-52\"><input size=\"40\" maxlength=\"400\" class=\"wpcf7-form-control wpcf7-text\" aria-invalid=\"false\" value=\"\" type=\"text\" name=\"text-52\" \/><\/span>\n<\/p>\n<p>Betreff (Pflichtfeld)\n<\/p>\n<p><span class=\"wpcf7-form-control-wrap\" data-name=\"your-subject\"><input size=\"40\" maxlength=\"400\" class=\"wpcf7-form-control wpcf7-text wpcf7-validates-as-required\" aria-required=\"true\" aria-invalid=\"false\" value=\"\" type=\"text\" name=\"your-subject\" \/><\/span>\n<\/p>\n<p>Ihre Nachricht\n<\/p>\n<p><span class=\"wpcf7-form-control-wrap\" data-name=\"your-message\"><textarea cols=\"40\" rows=\"10\" maxlength=\"2000\" class=\"wpcf7-form-control wpcf7-textarea\" aria-invalid=\"false\" name=\"your-message\"><\/textarea><\/span>\n<\/p>\n<p><input type=\"hidden\" name=\"_wpcf7_captcha_challenge_captcha-400\" value=\"2110656974\" \/><img data-recalc-dims=\"1\" loading=\"lazy\" decoding=\"async\" class=\"wpcf7-form-control wpcf7-captchac wpcf7-captcha-captcha-400\" width=\"84\" height=\"28\" alt=\"captcha\" src=\"https:\/\/i0.wp.com\/www.linden-theater-frechen.de\/wp-content\/uploads\/wpcf7_captcha\/2110656974.png?resize=84%2C28&#038;ssl=1\" \/>\n<\/p>\n<p>Hier die Zahlen-\/Buchstaben-Kombination aus dem obigen Bild eingeben:\n<\/p>\n<p><span class=\"wpcf7-form-control-wrap\" data-name=\"captcha-400\"><input size=\"40\" class=\"wpcf7-form-control wpcf7-captchar\" autocomplete=\"off\" aria-invalid=\"false\" value=\"\" type=\"text\" name=\"captcha-400\" \/><\/span>\n<\/p>\n<p>Unsere Datenschutzerkl\u00e4rung und Impressum finden Sie <a href=\"https:\/\/www.linden-theater-frechen.de\/?page_id=2\">hier<\/a>\n<\/p>\n<p><input class=\"wpcf7-form-control wpcf7-submit has-spinner\" type=\"submit\" value=\"Senden\" \/>\n<\/p><p style=\"display: none !important;\" class=\"akismet-fields-container\" data-prefix=\"_wpcf7_ak_\"><label>&#916;<textarea name=\"_wpcf7_ak_hp_textarea\" cols=\"45\" rows=\"8\" maxlength=\"100\"><\/textarea><\/label><input type=\"hidden\" id=\"ak_js_1\" name=\"_wpcf7_ak_js\" value=\"226\"\/><script type=\"text\/javascript\">\n\/* <![CDATA[ *\/\ndocument.getElementById( \"ak_js_1\" ).setAttribute( \"value\", ( new Date() ).getTime() );\n\/* ]]> *\/\n<\/script>\n<\/p><div class=\"wpcf7-response-output\" aria-hidden=\"true\"><\/div>\n<\/form>\n<\/div>\n\n<p style=\"text-align: justify;\">Zus\u00e4tzlich haben Sie folgende M\u00f6glichkeiten, mit uns in Kontakt zu treten:<\/p>\n<h2 style=\"text-align: justify;\">Kontakt:<\/h2>\n<p style=\"text-align: justify;\"><strong>schriftlich<\/strong>: Linden-Theater e. V., Lindenstr. 16, 50226 Frechen<\/p>\n<p style=\"text-align: justify;\"><strong>telefonisch:<\/strong> 02234 &#8211; 27 14 37 (AB)<\/p>\n<p style=\"text-align: justify;\"><strong>per E-Mail:<\/strong> <a href=\"mailto:info@linden-theater-frechen.de\">info@linden-theater-frechen.de<\/a><\/p>\n<p style=\"text-align: justify;\">oder pers\u00f6nlich zu den Vorstellungen im Kino.<\/p>\n","protected":false},"excerpt":{"rendered":"<p>Hier haben Sie die M\u00f6glichkeit, direkt \u00fcber unser Kontaktformular mit uns in Verbindung zu treten. Unter dem Formular finden Sie weitere M\u00f6glichkeiten des Kontaktes.<\/p>\n<p>Bitte Kartenreservierungen \u00fcber unser spezielles Formular eingeben!<\/p>\n<p role=\"status\" aria-live=\"polite\" aria-atomic=\"true\">\n<p>Ihr Name (Pflichtfeld) <\/p>\n<\/p>\n<p>Ihre Email (Pflichtfeld) <\/p>\n<\/p>\n<p>Ihre Telefonnummer (bitte angeben!) <\/p>\n<\/p>\n<p>Betreff [&#8230;]<\/p>\n","protected":false},"author":3,"featured_media":0,"parent":0,"menu_order":6,"comment_status":"open","ping_status":"closed","template":"","meta":{"jetpack_post_was_ever_published":false,"footnotes":""},"class_list":["post-158","page","type-page","status-publish","hentry","odd"],"jetpack_shortlink":"https:\/\/wp.me\/P3dBae-2y","jetpack_sharing_enabled":true,"_links":{"self":[{"href":"https:\/\/www.linden-theater-frechen.de\/index.php?rest_route=\/wp\/v2\/pages\/158","targetHints":{"allow":["GET"]}}],"collection":[{"href":"https:\/\/www.linden-theater-frechen.de\/index.php?rest_route=\/wp\/v2\/pages"}],"about":[{"href":"https:\/\/www.linden-theater-frechen.de\/index.php?rest_route=\/wp\/v2\/types\/page"}],"author":[{"embeddable":true,"href":"https:\/\/www.linden-theater-frechen.de\/index.php?rest_route=\/wp\/v2\/users\/3"}],"replies":[{"embeddable":true,"href":"https:\/\/www.linden-theater-frechen.de\/index.php?rest_route=%2Fwp%2Fv2%2Fcomments&post=158"}],"version-history":[{"count":0,"href":"https:\/\/www.linden-theater-frechen.de\/index.php?rest_route=\/wp\/v2\/pages\/158\/revisions"}],"wp:attachment":[{"href":"https:\/\/www.linden-theater-frechen.de\/index.php?rest_route=%2Fwp%2Fv2%2Fmedia&parent=158"}],"curies":[{"name":"wp","href":"https:\/\/api.w.org\/{rel}","templated":true}]}}