{"id":2375,"date":"2012-02-13T12:01:57","date_gmt":"2012-02-13T10:01:57","guid":{"rendered":"http:\/\/www.lindentheater-frechen.de\/?page_id=2375"},"modified":"2018-05-22T18:15:55","modified_gmt":"2018-05-22T16:15:55","slug":"barrierefrei","status":"publish","type":"page","link":"https:\/\/www.linden-theater-frechen.de\/?page_id=2375","title":{"rendered":"Barrierefrei?"},"content":{"rendered":"<h4>Kinosaal:<\/h4>\n<p>Auch Rollstuhlfahrer k\u00f6nnen unser Kino problemlos besuchen: Unser Kinosaal ist barrierefrei erreichbar. Aufgrund des abfallenden Bodens mit verschiedenen Winkeln sind nur begrenzte Pl\u00e4tze verf\u00fcgbar.<\/p>\n<p>&nbsp;<\/p>\n<h4>Toiletten:<\/h4>\n<p>Unsere Toilettenanlage befindet sich im Untergeschoss und ist daher nur \u00fcber eine Treppe erreichbar, somit nicht f\u00fcr Rollstuhlfahrer geeignet.<\/p>\n<p>&nbsp;<\/p>\n<h4>Parkplatz:<\/h4>\n<p>Am Kino befindet sich KEIN ausgewiesener Behindertenparkplatz, daher empfehlen wir aufgrund der begrenzten Anzahl an Parkpl\u00e4tzen recht fr\u00fch das Kino anzufahren.<\/p>\n<p>&nbsp;<\/p>\n<p><a href=\"https:\/\/www.gretaundstarks.de\/\"><img data-recalc-dims=\"1\" loading=\"lazy\" decoding=\"async\" class=\"alignleft size-full wp-image-5309\" src=\"https:\/\/i0.wp.com\/www.linden-theater-frechen.de\/wp-content\/uploads\/2012\/02\/greta_starks.jpg?resize=640%2C80&#038;ssl=1\" alt=\"greta_starks\" width=\"640\" height=\"80\" \/><\/a><\/p>\n<p>&nbsp;<\/p>\n<p><strong>Barrierefreies Kino mit Greta &amp; Starks<\/strong><\/p>\n<p>Derzeit sind \u00fcber 1,2 Millionen blinde oder sehbehinderte Menschen allein in Deutschland vom Kinoerlebnis weitestgehend ausgeschlossen. Obwohl es Audiodeskriptionen f\u00fcr Filme gibt, sind diese nur schwer zug\u00e4nglich. Heute gibt es zwei M\u00f6glichkeiten f\u00fcr blinde und sehbehinderte Menschen, Filme zu erleben: Entweder wird die Audiodeskription live eingesprochen oder sie wird mit dem Film abgespielt. In beiden F\u00e4llen bedarf es aufw\u00e4ndiger Kino- bzw. Konferenztechnik, die kaum vorhanden ist. Daher erscheinen auch heute noch barrierefreie Filmfassungen fast ausschlie\u00dflich auf DVD. Diese Apps sind weltweit die ersten ihrer Art.<\/p>\n<p>GRETA &amp; STARKS ist eine zukunftsweisende, g\u00fcnstige und einfach zu bedienende L\u00f6sung, die wir zeitgleich zu der neue Richtlinie im Filmf\u00f6rderungsgesetz zum Thema Barrierefreiheit entwickelt haben. Die Richtlinie betrifft in Deutschland circa 80 &#8211; 100 Filme im Jahr. Wir hoffen, dass auch die L\u00e4nderfilmf\u00f6rderungen und die Major-Verleiher mit ihren Filmen mitziehen werden und damit das Angebot deutlich vergr\u00f6\u00dfert werden kann. Mit den Apps GRETA &amp; STARKS kann man Kino endlich einfach erleben. GRETA wurde speziell f\u00fcr blinde oder sehbeeintr\u00e4chtigte Menschen entwickelt und spielt die gesprochenen Filmbeschreibungen (Audiodeskription) des Wunschfilms ganz einfach vom eigenen Smartphone ab. STARKS richtet sich an geh\u00f6rlose oder an h\u00f6rgesch\u00e4digte Menschen und spielt Untertitel ganz einfach vom eigenen Smartphone ab. Wenn ein Film die M\u00f6glichkeit des barrierefreien Sehens erm\u00f6glicht, finden Sie diese beiden Logos in der Programm\u00fcbersicht. Weitere Infos zu Greta und Starks als Pdf zum Download oder auf <a href=\"https:\/\/www.gretaundstarks.de\">www.gretaundstarks.de<\/a><\/p>\n<p><strong>So funktioniert es:<\/strong> Sowohl die Apps als auch die barrierefreien Versionen der einzelnen Filme k\u00f6nnen kostenlos bei Google Play oder im App Store heruntergeladen werden. Nach erfolgreichem Download kann in der Filmauswahl der Wunschfilm ausgesucht werden. Im Kinosaal angekommen, braucht man nichts weiter zu tun als die App zu aktivieren und die passende Filmfassung auszuw\u00e4hlen. Der Rest wird von GRETA oder STARKS erledigt. Die Apps erkennen jeweils selbstst\u00e4ndig den Filmstart und spielen die Audiodeskription oder Untertitel immer synchron zum Film ab. Im Kino ben\u00f6tigen die Apps keine Internetverbindung.<\/p>\n<p>Menschen mit visueller Beeintr\u00e4chtigung lauschen dank GRETA auf dem einen Ohr der Filmbeschreibung und tauchen auf dem anderen Ohr in den vollen Kinosound ein.<\/p>\n<p>Menschen mit auditiver Beeintr\u00e4chtigung sehen durch STARKS die Untertitel auf ihren Smartphone Display. An einer geeigneten Datenbrille wird gerade gearbeitet.<\/p>\n<p>Sie k\u00f6nnen die beiden Apps einfach \u00fcber Ihr Smartphone im <a href=\"https:\/\/itunes.apple.com\/ch\/app\/greta\/id793892423?mt=8\" target=\"_blank\">AppStore von Apple<\/a> oder bei <a href=\"https:\/\/play.google.com\/store\/apps\/details?id=de.debesefilm.greta\" target=\"_blank\">GooglePlay<\/a> kostenlos herunterladen.<\/p>\n<p>&nbsp;<\/p>\n","protected":false},"excerpt":{"rendered":"<p>Kinosaal: <\/p>\n<p>Auch Rollstuhlfahrer k\u00f6nnen unser Kino problemlos besuchen: Unser Kinosaal ist barrierefrei erreichbar. Aufgrund des abfallenden Bodens mit verschiedenen Winkeln sind nur begrenzte Pl\u00e4tze verf\u00fcgbar.<\/p>\n<p>&nbsp;<\/p>\n<p> Toiletten: <\/p>\n<p>Unsere Toilettenanlage befindet sich im Untergeschoss und ist daher nur \u00fcber eine Treppe erreichbar, somit nicht f\u00fcr Rollstuhlfahrer geeignet.<\/p>\n<p>&nbsp;<\/p>\n<p> Parkplatz: <\/p>\n<p>Am Kino befindet sich KEIN ausgewiesener Behindertenparkplatz, [&#8230;]<\/p>\n","protected":false},"author":2,"featured_media":0,"parent":10,"menu_order":9,"comment_status":"open","ping_status":"closed","template":"","meta":{"jetpack_post_was_ever_published":false,"footnotes":""},"class_list":["post-2375","page","type-page","status-publish","hentry","odd"],"jetpack_shortlink":"https:\/\/wp.me\/P3dBae-Cj","jetpack_sharing_enabled":true,"_links":{"self":[{"href":"https:\/\/www.linden-theater-frechen.de\/index.php?rest_route=\/wp\/v2\/pages\/2375","targetHints":{"allow":["GET"]}}],"collection":[{"href":"https:\/\/www.linden-theater-frechen.de\/index.php?rest_route=\/wp\/v2\/pages"}],"about":[{"href":"https:\/\/www.linden-theater-frechen.de\/index.php?rest_route=\/wp\/v2\/types\/page"}],"author":[{"embeddable":true,"href":"https:\/\/www.linden-theater-frechen.de\/index.php?rest_route=\/wp\/v2\/users\/2"}],"replies":[{"embeddable":true,"href":"https:\/\/www.linden-theater-frechen.de\/index.php?rest_route=%2Fwp%2Fv2%2Fcomments&post=2375"}],"version-history":[{"count":0,"href":"https:\/\/www.linden-theater-frechen.de\/index.php?rest_route=\/wp\/v2\/pages\/2375\/revisions"}],"up":[{"embeddable":true,"href":"https:\/\/www.linden-theater-frechen.de\/index.php?rest_route=\/wp\/v2\/pages\/10"}],"wp:attachment":[{"href":"https:\/\/www.linden-theater-frechen.de\/index.php?rest_route=%2Fwp%2Fv2%2Fmedia&parent=2375"}],"curies":[{"name":"wp","href":"https:\/\/api.w.org\/{rel}","templated":true}]}}