{"id":3816,"date":"2013-07-22T14:54:40","date_gmt":"2013-07-22T12:54:40","guid":{"rendered":"http:\/\/www.linden-theater-frechen.de\/?page_id=3816"},"modified":"2024-07-28T14:38:18","modified_gmt":"2024-07-28T12:38:18","slug":"openair-kino-im-terrassenfreibad","status":"publish","type":"page","link":"https:\/\/www.linden-theater-frechen.de\/?page_id=3816","title":{"rendered":"&#8230; im Terrassenfreibad"},"content":{"rendered":"\n<div class=\"wp-block-group\"><div class=\"wp-block-group__inner-container is-layout-flow wp-block-group-is-layout-flow\">\n<h2 style=\"text-align: center;\"><a href=\"https:\/\/i0.wp.com\/www.linden-theater-frechen.de\/wp-content\/uploads\/2014\/07\/Logo-Sommer-Kino.png?ssl=1\"><img data-recalc-dims=\"1\" loading=\"lazy\" decoding=\"async\" class=\"aligncenter wp-image-4937\" src=\"https:\/\/i0.wp.com\/www.linden-theater-frechen.de\/wp-content\/uploads\/2014\/07\/Logo-Sommer-Kino.png?resize=494%2C263&#038;ssl=1\" alt=\"\" width=\"494\" height=\"263\" srcset=\"https:\/\/i0.wp.com\/www.linden-theater-frechen.de\/wp-content\/uploads\/2014\/07\/Logo-Sommer-Kino.png?w=868&amp;ssl=1 868w, https:\/\/i0.wp.com\/www.linden-theater-frechen.de\/wp-content\/uploads\/2014\/07\/Logo-Sommer-Kino.png?resize=150%2C79&amp;ssl=1 150w, https:\/\/i0.wp.com\/www.linden-theater-frechen.de\/wp-content\/uploads\/2014\/07\/Logo-Sommer-Kino.png?resize=300%2C159&amp;ssl=1 300w, https:\/\/i0.wp.com\/www.linden-theater-frechen.de\/wp-content\/uploads\/2014\/07\/Logo-Sommer-Kino.png?resize=400%2C212&amp;ssl=1 400w\" sizes=\"auto, (max-width: 494px) 100vw, 494px\" \/><\/a><\/h2>\n<table width=\"100%\">\n<tbody>\n<tr>\n<td>\n<h3>Da das Terrassenfreibad gegenw\u00e4rtig sanierungsbedingt geschlossen ist, k\u00f6nnen wir dort auf absehbare Zeit kein Open-Air Kino durchf\u00fchren.<\/h3>\n<h3>Unsere bisher letzte Open-Air Kinoveranstaltung im Terrassenfreibad Frechen war:<\/h3>\n<h3>Samstag, 27. August 2022, Einlass ab 20:30 Uhr:<\/h3>\n<h2>Beckenrand Sheriff<\/h2>\n<p style=\"text-align: justify;\">(<em>\u00c4hnlichkeiten mit real existierenden Freib\u00e4dern und Personen sind rein zuf\u00e4llig und keinesfalls beabsichtigt&#8230;)<\/em><img data-recalc-dims=\"1\" loading=\"lazy\" decoding=\"async\" class=\"alignright  wp-image-13822\" src=\"https:\/\/i0.wp.com\/www.linden-theater-frechen.de\/wp-content\/uploads\/2022\/08\/Beckenrand-Sheriff-Poster.jpg?resize=150%2C212&#038;ssl=1\" alt=\"\" width=\"150\" height=\"212\" srcset=\"https:\/\/i0.wp.com\/www.linden-theater-frechen.de\/wp-content\/uploads\/2022\/08\/Beckenrand-Sheriff-Poster.jpg?resize=212%2C300&amp;ssl=1 212w, https:\/\/i0.wp.com\/www.linden-theater-frechen.de\/wp-content\/uploads\/2022\/08\/Beckenrand-Sheriff-Poster.jpg?resize=106%2C150&amp;ssl=1 106w, https:\/\/i0.wp.com\/www.linden-theater-frechen.de\/wp-content\/uploads\/2022\/08\/Beckenrand-Sheriff-Poster.jpg?resize=400%2C566&amp;ssl=1 400w, https:\/\/i0.wp.com\/www.linden-theater-frechen.de\/wp-content\/uploads\/2022\/08\/Beckenrand-Sheriff-Poster.jpg?w=565&amp;ssl=1 565w\" sizes=\"auto, (max-width: 150px) 100vw, 150px\" \/><\/p>\n<p style=\"text-align: justify;\"><strong>Kom\u00f6die: <\/strong>Die B\u00fcgermeisterin von Grubberg will das sanierungsbed\u00fcrftige \u00f6rtliche Freibad schlie\u00dfen, damit der Bauherr Albert Dengler auf dem Gel\u00e4nde lukrative Wohnungen bauen kann. Bademeister Karl versucht daraufhin mit allen Mitteln, das Bad und seinen Arbeitsplatz zu retten. Nicht so einfach, hat er sich doch in den vergangenen 30 Jahren mit seiner ruppigen Art wenig Freunde gemacht. Besser integriert ist der nigerianische Azubi Sali, vielleicht kann dessen Beteiligung in der Wasserball-Mannschaft f\u00fcr die Unterst\u00fctzung der Besucher sorgen&#8230;<\/p>\n<p style=\"text-align: justify;\"><strong>D<\/strong> 2021, <strong>Regie: <\/strong>Marcus H. Rosenm\u00fcller, <strong>Darsteller:<\/strong> Milan Peschel (Karl) \u00b7 Dimitri Abold (Sali) \u00b7 Sebastian Bezzel (Albert Dengler) \u00b7 Rick Kavanian (Dr. Rieger) \u00b7 Sarah Mahita (Lisa) \u00b7 Gisela Schneeberger (B\u00fcrgermeisterin) \u00b7 Johanna Wokalek (Silke Wilhelm) \u00b7 Bless Amada (Domek) \u00b7 Frederic Linkemann (Erwin Mattusek) \u00b7 Rocko Schamoni (Kai Haffner) \u00b7 Thomas Mraz (Pfarrer Nissl) \u00b7 Sebastian Gerold (Paul Sutter) \u00b7 Tina Pfurr (Bettina Mayer) \u00b7 Thomas Schmauser (Polizist) \u00b7 Justine Hauer (Polizistin)<\/p>\n<p style=\"text-align: justify;\"><strong>Laufzeit:<\/strong> 114 Min, <strong>FSK:<\/strong> ab 6 Jahre<\/p>\n<p><a href=\"https:\/\/www.kino.de\/film\/beckenrand-sheriff-2020\/\" target=\"_blank\" rel=\"noopener noreferrer\"><strong>Trailer und <\/strong><strong>weitere Filminfos<\/strong><\/a><\/p>\n<\/td>\n<\/tr>\n<tr>\n<td>\n<h3>Allgemeine Infos:<\/h3>\n<p style=\"text-align: justify;\"><strong><span style=\"color: #ff0000;\">Eintrittspreis:<\/span>\u00a06,-\u20ac<br \/><\/strong><em>Tickets sind am Abend der Veranstaltung an der Abendkasse erh\u00e4ltlich. Die roten Gutscheine f\u00fcr das Linden-Theater k\u00f6nnen zum Erwerb der Open-Air Tickets genutzt werden.<\/em><\/p>\n<p style=\"text-align: justify;\">Das Gel\u00e4nde ist nicht bestuhlt. Eine begrenzte Anzahl Camping-St\u00fchle kann vom Freibad-Kiosk zur Liegewiese mitgenommen werden. Das Mitbringen eigener Sitz- oder Liegem\u00f6bel ist erlaubt.<\/p>\n<p style=\"text-align: justify;\">Der Film beginnt bei ausreichender Dunkelheit. Das Schwimmen ist w\u00e4hrend der Veranstaltung nicht m\u00f6glich.<\/p>\n<p style=\"text-align: justify;\">Der Freibad-Kiosk wird bis kurz nach Filmbeginn ge\u00f6ffnet sein und Sie mit Snacks und Getr\u00e4nken versorgen. <strong>Wir bitten unsere Zuschauer, von diesem Angebot nach M\u00f6glichkeit Gebrauch zu machen. <\/strong>Es wird anders als sonst diesmal keine Pause w\u00e4hrend des Films geben. Popcorn werden wir an unserem Popcornstand anbieten.<\/p>\n<p style=\"text-align: justify;\">Sollte das Wetter wider Erwarten schlecht sein, wird die Veranstaltung auf einen sp\u00e4teren Termin verlegt oder abgesagt. Die Absage\/Verlegung kann je nach Wetterlage relativ kurzfristig erfolgen. In diesem Fall wird es am Tag des Open-Airs kurzfristig einen Newsletter und eine Facebook-Benachrichtigung geben, au\u00dferdem aktuelle Informationen auf der Webseite <a href=\"http:\/\/www.openair-frechen.de\/\" target=\"_blank\" rel=\"noopener noreferrer\">http:\/\/www.openair-frechen.de<\/a>, \u00fcber die lokalen Medien sowie eine <strong>telefonische Ansage<\/strong> unter der Nummer <strong>02234-601889<\/strong>.<\/p>\n<p style=\"text-align: justify;\"><strong>Reservierungen oder Vorab-Ticketk\u00e4ufe am Freibad sind f\u00fcr die Veranstaltung nicht m\u00f6glich, aufgrund der gro\u00dfen Kapazit\u00e4t der Liegewiese k\u00f6nnen wir aber jedem Besucher den Einlass garantieren.<\/strong>\u00a0<\/p>\n<p style=\"text-align: justify;\">Adresse des <a href=\"https:\/\/fresh-open.de\/terrassenfreibad-frechen\" target=\"_blank\" rel=\"noopener noreferrer\">Terrassenfreibades<\/a>: Hans-Schaeven-Weg 1, 50226 Frechen<\/p>\n<\/td>\n<\/tr>\n<tr>\n<td style=\"text-align: center;\"><strong>Alle Angaben ohne Gew\u00e4hr &#8211; \u00c4nderungen vorbehalten<\/strong><\/td>\n<\/tr>\n<\/tbody>\n<\/table>\n<\/div><\/div>\n\n\n\n<p><\/p>\n","protected":false},"excerpt":{"rendered":"<p> Da das Terrassenfreibad gegenw\u00e4rtig sanierungsbedingt geschlossen ist, k\u00f6nnen wir dort auf absehbare Zeit kein Open-Air Kino durchf\u00fchren. Unsere bisher letzte Open-Air Kinoveranstaltung im Terrassenfreibad Frechen war: Samstag, 27. August 2022, Einlass ab 20:30 Uhr: Beckenrand Sheriff <\/p>\n<p style=\"text-align: justify;\">(\u00c4hnlichkeiten mit real existierenden Freib\u00e4dern und Personen sind rein zuf\u00e4llig und keinesfalls beabsichtigt&#8230;)<\/p>\n<p style=\"text-align: justify;\">Kom\u00f6die: [&#8230;]<\/p>\n","protected":false},"author":83,"featured_media":0,"parent":3814,"menu_order":0,"comment_status":"open","ping_status":"closed","template":"","meta":{"jetpack_post_was_ever_published":false,"footnotes":""},"class_list":["post-3816","page","type-page","status-publish","hentry","odd"],"jetpack_shortlink":"https:\/\/wp.me\/P3dBae-Zy","jetpack_sharing_enabled":true,"_links":{"self":[{"href":"https:\/\/www.linden-theater-frechen.de\/index.php?rest_route=\/wp\/v2\/pages\/3816","targetHints":{"allow":["GET"]}}],"collection":[{"href":"https:\/\/www.linden-theater-frechen.de\/index.php?rest_route=\/wp\/v2\/pages"}],"about":[{"href":"https:\/\/www.linden-theater-frechen.de\/index.php?rest_route=\/wp\/v2\/types\/page"}],"author":[{"embeddable":true,"href":"https:\/\/www.linden-theater-frechen.de\/index.php?rest_route=\/wp\/v2\/users\/83"}],"replies":[{"embeddable":true,"href":"https:\/\/www.linden-theater-frechen.de\/index.php?rest_route=%2Fwp%2Fv2%2Fcomments&post=3816"}],"version-history":[{"count":57,"href":"https:\/\/www.linden-theater-frechen.de\/index.php?rest_route=\/wp\/v2\/pages\/3816\/revisions"}],"predecessor-version":[{"id":15315,"href":"https:\/\/www.linden-theater-frechen.de\/index.php?rest_route=\/wp\/v2\/pages\/3816\/revisions\/15315"}],"up":[{"embeddable":true,"href":"https:\/\/www.linden-theater-frechen.de\/index.php?rest_route=\/wp\/v2\/pages\/3814"}],"wp:attachment":[{"href":"https:\/\/www.linden-theater-frechen.de\/index.php?rest_route=%2Fwp%2Fv2%2Fmedia&parent=3816"}],"curies":[{"name":"wp","href":"https:\/\/api.w.org\/{rel}","templated":true}]}}

<div class="wp-block-group"><div class="wp-block-group__inner-container is-layout-flow wp-block-group-is-layout-flow">
<h2 style="text-align: center;"><a href="https://i0.wp.com/www.linden-theater-frechen.de/wp-content/uploads/2014/07/Logo-Sommer-Kino.png?ssl=1"><img data-recalc-dims="1" loading="lazy" decoding="async" class="aligncenter wp-image-4937" src="https://i0.wp.com/www.linden-theater-frechen.de/wp-content/uploads/2014/07/Logo-Sommer-Kino.png?resize=494%2C263&#038;ssl=1" alt="" width="494" height="263" srcset="https://i0.wp.com/www.linden-theater-frechen.de/wp-content/uploads/2014/07/Logo-Sommer-Kino.png?w=868&amp;ssl=1 868w, https://i0.wp.com/www.linden-theater-frechen.de/wp-content/uploads/2014/07/Logo-Sommer-Kino.png?resize=150%2C79&amp;ssl=1 150w, https://i0.wp.com/www.linden-theater-frechen.de/wp-content/uploads/2014/07/Logo-Sommer-Kino.png?resize=300%2C159&amp;ssl=1 300w, https://i0.wp.com/www.linden-theater-frechen.de/wp-content/uploads/2014/07/Logo-Sommer-Kino.png?resize=400%2C212&amp;ssl=1 400w" sizes="auto, (max-width: 494px) 100vw, 494px" /></a></h2>
<table width="100%">
<tbody>
<tr>
<td>
<h3>Da das Terrassenfreibad gegenwärtig sanierungsbedingt geschlossen ist, können wir dort auf absehbare Zeit kein Open-Air Kino durchführen.</h3>
<h3>Unsere bisher letzte Open-Air Kinoveranstaltung im Terrassenfreibad Frechen war:</h3>
<h3>Samstag, 27. August 2022, Einlass ab 20:30 Uhr:</h3>
<h2>Beckenrand Sheriff</h2>
<p style="text-align: justify;">(<em>Ähnlichkeiten mit real existierenden Freibädern und Personen sind rein zufällig und keinesfalls beabsichtigt&#8230;)</em><img data-recalc-dims="1" loading="lazy" decoding="async" class="alignright  wp-image-13822" src="https://i0.wp.com/www.linden-theater-frechen.de/wp-content/uploads/2022/08/Beckenrand-Sheriff-Poster.jpg?resize=150%2C212&#038;ssl=1" alt="" width="150" height="212" srcset="https://i0.wp.com/www.linden-theater-frechen.de/wp-content/uploads/2022/08/Beckenrand-Sheriff-Poster.jpg?resize=212%2C300&amp;ssl=1 212w, https://i0.wp.com/www.linden-theater-frechen.de/wp-content/uploads/2022/08/Beckenrand-Sheriff-Poster.jpg?resize=106%2C150&amp;ssl=1 106w, https://i0.wp.com/www.linden-theater-frechen.de/wp-content/uploads/2022/08/Beckenrand-Sheriff-Poster.jpg?resize=400%2C566&amp;ssl=1 400w, https://i0.wp.com/www.linden-theater-frechen.de/wp-content/uploads/2022/08/Beckenrand-Sheriff-Poster.jpg?w=565&amp;ssl=1 565w" sizes="auto, (max-width: 150px) 100vw, 150px" /></p>
<p style="text-align: justify;"><strong>Komödie: </strong>Die Bügermeisterin von Grubberg will das sanierungsbedürftige örtliche Freibad schließen, damit der Bauherr Albert Dengler auf dem Gelände lukrative Wohnungen bauen kann. Bademeister Karl versucht daraufhin mit allen Mitteln, das Bad und seinen Arbeitsplatz zu retten. Nicht so einfach, hat er sich doch in den vergangenen 30 Jahren mit seiner ruppigen Art wenig Freunde gemacht. Besser integriert ist der nigerianische Azubi Sali, vielleicht kann dessen Beteiligung in der Wasserball-Mannschaft für die Unterstützung der Besucher sorgen&#8230;</p>
<p style="text-align: justify;"><strong>D</strong> 2021, <strong>Regie: </strong>Marcus H. Rosenmüller, <strong>Darsteller:</strong> Milan Peschel (Karl) · Dimitri Abold (Sali) · Sebastian Bezzel (Albert Dengler) · Rick Kavanian (Dr. Rieger) · Sarah Mahita (Lisa) · Gisela Schneeberger (Bürgermeisterin) · Johanna Wokalek (Silke Wilhelm) · Bless Amada (Domek) · Frederic Linkemann (Erwin Mattusek) · Rocko Schamoni (Kai Haffner) · Thomas Mraz (Pfarrer Nissl) · Sebastian Gerold (Paul Sutter) · Tina Pfurr (Bettina Mayer) · Thomas Schmauser (Polizist) · Justine Hauer (Polizistin)</p>
<p style="text-align: justify;"><strong>Laufzeit:</strong> 114 Min, <strong>FSK:</strong> ab 6 Jahre</p>
<p><a href="https://www.kino.de/film/beckenrand-sheriff-2020/" target="_blank" rel="noopener noreferrer"><strong>Trailer und </strong><strong>weitere Filminfos</strong></a></p>
</td>
</tr>
<tr>
<td>
<h3>Allgemeine Infos:</h3>
<p style="text-align: justify;"><strong><span style="color: #ff0000;">Eintrittspreis:</span> 6,-€<br /></strong><em>Tickets sind am Abend der Veranstaltung an der Abendkasse erhältlich. Die roten Gutscheine für das Linden-Theater können zum Erwerb der Open-Air Tickets genutzt werden.</em></p>
<p style="text-align: justify;">Das Gelände ist nicht bestuhlt. Eine begrenzte Anzahl Camping-Stühle kann vom Freibad-Kiosk zur Liegewiese mitgenommen werden. Das Mitbringen eigener Sitz- oder Liegemöbel ist erlaubt.</p>
<p style="text-align: justify;">Der Film beginnt bei ausreichender Dunkelheit. Das Schwimmen ist während der Veranstaltung nicht möglich.</p>
<p style="text-align: justify;">Der Freibad-Kiosk wird bis kurz nach Filmbeginn geöffnet sein und Sie mit Snacks und Getränken versorgen. <strong>Wir bitten unsere Zuschauer, von diesem Angebot nach Möglichkeit Gebrauch zu machen. </strong>Es wird anders als sonst diesmal keine Pause während des Films geben. Popcorn werden wir an unserem Popcornstand anbieten.</p>
<p style="text-align: justify;">Sollte das Wetter wider Erwarten schlecht sein, wird die Veranstaltung auf einen späteren Termin verlegt oder abgesagt. Die Absage/Verlegung kann je nach Wetterlage relativ kurzfristig erfolgen. In diesem Fall wird es am Tag des Open-Airs kurzfristig einen Newsletter und eine Facebook-Benachrichtigung geben, außerdem aktuelle Informationen auf der Webseite <a href="http://www.openair-frechen.de/" target="_blank" rel="noopener noreferrer">http://www.openair-frechen.de</a>, über die lokalen Medien sowie eine <strong>telefonische Ansage</strong> unter der Nummer <strong>02234-601889</strong>.</p>
<p style="text-align: justify;"><strong>Reservierungen oder Vorab-Ticketkäufe am Freibad sind für die Veranstaltung nicht möglich, aufgrund der großen Kapazität der Liegewiese können wir aber jedem Besucher den Einlass garantieren.</strong> </p>
<p style="text-align: justify;">Adresse des <a href="https://fresh-open.de/terrassenfreibad-frechen" target="_blank" rel="noopener noreferrer">Terrassenfreibades</a>: Hans-Schaeven-Weg 1, 50226 Frechen</p>
</td>
</tr>
<tr>
<td style="text-align: center;"><strong>Alle Angaben ohne Gewähr &#8211; Änderungen vorbehalten</strong></td>
</tr>
</tbody>
</table>
</div></div>



<p></p>

<p> Da das Terrassenfreibad gegenwärtig sanierungsbedingt geschlossen ist, können wir dort auf absehbare Zeit kein Open-Air Kino durchführen. Unsere bisher letzte Open-Air Kinoveranstaltung im Terrassenfreibad Frechen war: Samstag, 27. August 2022, Einlass ab 20:30 Uhr: Beckenrand Sheriff </p>
<p style="text-align: justify;">(Ähnlichkeiten mit real existierenden Freibädern und Personen sind rein zufällig und keinesfalls beabsichtigt&#8230;)</p>
<p style="text-align: justify;">Komödie: [&#8230;]</p>
