{"id":6954,"date":"2016-09-28T10:23:30","date_gmt":"2016-09-28T08:23:30","guid":{"rendered":"http:\/\/www.linden-theater-frechen.de\/?page_id=6954"},"modified":"2026-01-15T16:41:01","modified_gmt":"2026-01-15T14:41:01","slug":"schulkinowochen-nrw","status":"publish","type":"page","link":"https:\/\/www.linden-theater-frechen.de\/?page_id=6954","title":{"rendered":"SchulKinoWochen NRW"},"content":{"rendered":"<p><img data-recalc-dims=\"1\" loading=\"lazy\" decoding=\"async\" class=\"size-medium wp-image-12104 alignnone\" src=\"https:\/\/i0.wp.com\/www.linden-theater-frechen.de\/wp-content\/uploads\/2020\/01\/SchulKino-Logo-rgb-jpg.jpg?resize=300%2C177&#038;ssl=1\" alt=\"\" width=\"300\" height=\"177\" srcset=\"https:\/\/i0.wp.com\/www.linden-theater-frechen.de\/wp-content\/uploads\/2020\/01\/SchulKino-Logo-rgb-jpg.jpg?resize=300%2C177&amp;ssl=1 300w, https:\/\/i0.wp.com\/www.linden-theater-frechen.de\/wp-content\/uploads\/2020\/01\/SchulKino-Logo-rgb-jpg.jpg?resize=1024%2C604&amp;ssl=1 1024w, https:\/\/i0.wp.com\/www.linden-theater-frechen.de\/wp-content\/uploads\/2020\/01\/SchulKino-Logo-rgb-jpg.jpg?resize=150%2C89&amp;ssl=1 150w, https:\/\/i0.wp.com\/www.linden-theater-frechen.de\/wp-content\/uploads\/2020\/01\/SchulKino-Logo-rgb-jpg.jpg?resize=768%2C453&amp;ssl=1 768w, https:\/\/i0.wp.com\/www.linden-theater-frechen.de\/wp-content\/uploads\/2020\/01\/SchulKino-Logo-rgb-jpg.jpg?resize=1536%2C907&amp;ssl=1 1536w, https:\/\/i0.wp.com\/www.linden-theater-frechen.de\/wp-content\/uploads\/2020\/01\/SchulKino-Logo-rgb-jpg.jpg?resize=2048%2C1209&amp;ssl=1 2048w, https:\/\/i0.wp.com\/www.linden-theater-frechen.de\/wp-content\/uploads\/2020\/01\/SchulKino-Logo-rgb-jpg.jpg?resize=400%2C236&amp;ssl=1 400w, https:\/\/i0.wp.com\/www.linden-theater-frechen.de\/wp-content\/uploads\/2020\/01\/SchulKino-Logo-rgb-jpg.jpg?w=1280&amp;ssl=1 1280w, https:\/\/i0.wp.com\/www.linden-theater-frechen.de\/wp-content\/uploads\/2020\/01\/SchulKino-Logo-rgb-jpg.jpg?w=1920&amp;ssl=1 1920w\" sizes=\"auto, (max-width: 300px) 100vw, 300px\" \/><\/p>\n<p><strong>Das Linden-Theater nimmt seit 2015 an den j\u00e4hrlich stattfindenden Schulkinowochen NRW teil.<\/strong><\/p>\n<p>Auch bei den vom <strong>22.1. bis 4.2.2026<\/strong> stattfindenden Schulkinowochen 2026 sind wir dabei und freuen uns \u00fcber viele teilnehmende Schulen und Sch\u00fcler.<\/p>\n<p><img data-recalc-dims=\"1\" loading=\"lazy\" decoding=\"async\" class=\"alignnone wp-image-16529 size-large\" src=\"https:\/\/i0.wp.com\/www.linden-theater-frechen.de\/wp-content\/uploads\/2026\/01\/SKW1_26.png?resize=640%2C190&#038;ssl=1\" alt=\"\" width=\"640\" height=\"190\" srcset=\"https:\/\/i0.wp.com\/www.linden-theater-frechen.de\/wp-content\/uploads\/2026\/01\/SKW1_26.png?resize=1024%2C304&amp;ssl=1 1024w, https:\/\/i0.wp.com\/www.linden-theater-frechen.de\/wp-content\/uploads\/2026\/01\/SKW1_26.png?resize=300%2C89&amp;ssl=1 300w, https:\/\/i0.wp.com\/www.linden-theater-frechen.de\/wp-content\/uploads\/2026\/01\/SKW1_26.png?resize=150%2C45&amp;ssl=1 150w, https:\/\/i0.wp.com\/www.linden-theater-frechen.de\/wp-content\/uploads\/2026\/01\/SKW1_26.png?resize=768%2C228&amp;ssl=1 768w, https:\/\/i0.wp.com\/www.linden-theater-frechen.de\/wp-content\/uploads\/2026\/01\/SKW1_26.png?resize=400%2C119&amp;ssl=1 400w, https:\/\/i0.wp.com\/www.linden-theater-frechen.de\/wp-content\/uploads\/2026\/01\/SKW1_26.png?w=1102&amp;ssl=1 1102w\" sizes=\"auto, (max-width: 640px) 100vw, 640px\" \/><\/p>\n<p><img data-recalc-dims=\"1\" loading=\"lazy\" decoding=\"async\" class=\"alignnone size-large wp-image-16457\" src=\"https:\/\/i0.wp.com\/www.linden-theater-frechen.de\/wp-content\/uploads\/2025\/12\/Bildschirmfoto-2025-12-11-um-21.25.59.png?resize=640%2C191&#038;ssl=1\" alt=\"\" width=\"640\" height=\"191\" srcset=\"https:\/\/i0.wp.com\/www.linden-theater-frechen.de\/wp-content\/uploads\/2025\/12\/Bildschirmfoto-2025-12-11-um-21.25.59.png?resize=1024%2C305&amp;ssl=1 1024w, https:\/\/i0.wp.com\/www.linden-theater-frechen.de\/wp-content\/uploads\/2025\/12\/Bildschirmfoto-2025-12-11-um-21.25.59.png?resize=300%2C89&amp;ssl=1 300w, https:\/\/i0.wp.com\/www.linden-theater-frechen.de\/wp-content\/uploads\/2025\/12\/Bildschirmfoto-2025-12-11-um-21.25.59.png?resize=150%2C45&amp;ssl=1 150w, https:\/\/i0.wp.com\/www.linden-theater-frechen.de\/wp-content\/uploads\/2025\/12\/Bildschirmfoto-2025-12-11-um-21.25.59.png?resize=768%2C229&amp;ssl=1 768w, https:\/\/i0.wp.com\/www.linden-theater-frechen.de\/wp-content\/uploads\/2025\/12\/Bildschirmfoto-2025-12-11-um-21.25.59.png?resize=400%2C119&amp;ssl=1 400w, https:\/\/i0.wp.com\/www.linden-theater-frechen.de\/wp-content\/uploads\/2025\/12\/Bildschirmfoto-2025-12-11-um-21.25.59.png?w=1099&amp;ssl=1 1099w\" sizes=\"auto, (max-width: 640px) 100vw, 640px\" \/><\/p>\n<p>Die Anmeldung zu den Schulkinowochen erfolgt ausschlie\u00dflich \u00fcber das Projektb\u00fcro der Schulkinowochen NRW beim Landschaftsverband Westfalen-Lippe.<\/p>\n<p><a href=\"https:\/\/www.schulkinowochen.nrw.de\/de\/\">Webseite der SchulKinoWochen NRW<\/a><\/p>\n\n\n<p>Hier kommen Sie direkt auf die <a href=\"https:\/\/www.schulkinowochen.nrw.de\/de\/anmeldung\/\">Buchungseite<\/a> der Schulkinowochen NRW.<\/p>\n\n\n\n<p>Auch ausserhalb der Schulkinowochen sind Buchungen von Schulkinoveranstaltungen in der Regel kurz- wie langfristig m\u00f6glich. Bitte verwenden Sie hierzu unser <a href=\"https:\/\/www.linden-theater-frechen.de\/?page_id=158\">Kontaktformular<\/a>. Bitte beachten Sie, dass aus Kostengr\u00fcnden Einzelveranstaltungen in der Regel erst ab einer Mindestzahl von typisch 50 Sch\u00fclerInnen durchgef\u00fchrt werden k\u00f6nnen. Der Preis wird individuell verhandelt, wir bem\u00fchen uns aber, auch Sch\u00fclerInnen aus einkommensschwachen Familien die M\u00f6glichkeit zur Teilnahme zu geben.<\/p>\n\n\n\n<p>Weitere Informationen: <a href=\"https:\/\/www.linden-theater-frechen.de\/?page_id=6351\">Kino f\u00fcr Schulen und Kinderg\u00e4rten<\/a><\/p>\n","protected":false},"excerpt":{"rendered":"<\/p>\n<p>Das Linden-Theater nimmt seit 2015 an den j\u00e4hrlich stattfindenden Schulkinowochen NRW teil.<\/p>\n<p>Auch bei den vom 22.1. bis 4.2.2026 stattfindenden Schulkinowochen 2026 sind wir dabei und freuen uns \u00fcber viele teilnehmende Schulen und Sch\u00fcler.<\/p>\n<\/p>\n<p>Die Anmeldung zu den Schulkinowochen erfolgt ausschlie\u00dflich \u00fcber das Projektb\u00fcro der Schulkinowochen NRW beim Landschaftsverband Westfalen-Lippe.<\/p>\n<p>Webseite der [&#8230;]<\/p>\n","protected":false},"author":83,"featured_media":0,"parent":10,"menu_order":0,"comment_status":"closed","ping_status":"closed","template":"","meta":{"jetpack_post_was_ever_published":false,"footnotes":""},"class_list":["post-6954","page","type-page","status-publish","hentry","odd"],"jetpack_shortlink":"https:\/\/wp.me\/P3dBae-1Oa","jetpack_sharing_enabled":true,"_links":{"self":[{"href":"https:\/\/www.linden-theater-frechen.de\/index.php?rest_route=\/wp\/v2\/pages\/6954","targetHints":{"allow":["GET"]}}],"collection":[{"href":"https:\/\/www.linden-theater-frechen.de\/index.php?rest_route=\/wp\/v2\/pages"}],"about":[{"href":"https:\/\/www.linden-theater-frechen.de\/index.php?rest_route=\/wp\/v2\/types\/page"}],"author":[{"embeddable":true,"href":"https:\/\/www.linden-theater-frechen.de\/index.php?rest_route=\/wp\/v2\/users\/83"}],"replies":[{"embeddable":true,"href":"https:\/\/www.linden-theater-frechen.de\/index.php?rest_route=%2Fwp%2Fv2%2Fcomments&post=6954"}],"version-history":[{"count":43,"href":"https:\/\/www.linden-theater-frechen.de\/index.php?rest_route=\/wp\/v2\/pages\/6954\/revisions"}],"predecessor-version":[{"id":16530,"href":"https:\/\/www.linden-theater-frechen.de\/index.php?rest_route=\/wp\/v2\/pages\/6954\/revisions\/16530"}],"up":[{"embeddable":true,"href":"https:\/\/www.linden-theater-frechen.de\/index.php?rest_route=\/wp\/v2\/pages\/10"}],"wp:attachment":[{"href":"https:\/\/www.linden-theater-frechen.de\/index.php?rest_route=%2Fwp%2Fv2%2Fmedia&parent=6954"}],"curies":[{"name":"wp","href":"https:\/\/api.w.org\/{rel}","templated":true}]}}

<p><img data-recalc-dims="1" loading="lazy" decoding="async" class="size-medium wp-image-12104 alignnone" src="https://i0.wp.com/www.linden-theater-frechen.de/wp-content/uploads/2020/01/SchulKino-Logo-rgb-jpg.jpg?resize=300%2C177&#038;ssl=1" alt="" width="300" height="177" srcset="https://i0.wp.com/www.linden-theater-frechen.de/wp-content/uploads/2020/01/SchulKino-Logo-rgb-jpg.jpg?resize=300%2C177&amp;ssl=1 300w, https://i0.wp.com/www.linden-theater-frechen.de/wp-content/uploads/2020/01/SchulKino-Logo-rgb-jpg.jpg?resize=1024%2C604&amp;ssl=1 1024w, https://i0.wp.com/www.linden-theater-frechen.de/wp-content/uploads/2020/01/SchulKino-Logo-rgb-jpg.jpg?resize=150%2C89&amp;ssl=1 150w, https://i0.wp.com/www.linden-theater-frechen.de/wp-content/uploads/2020/01/SchulKino-Logo-rgb-jpg.jpg?resize=768%2C453&amp;ssl=1 768w, https://i0.wp.com/www.linden-theater-frechen.de/wp-content/uploads/2020/01/SchulKino-Logo-rgb-jpg.jpg?resize=1536%2C907&amp;ssl=1 1536w, https://i0.wp.com/www.linden-theater-frechen.de/wp-content/uploads/2020/01/SchulKino-Logo-rgb-jpg.jpg?resize=2048%2C1209&amp;ssl=1 2048w, https://i0.wp.com/www.linden-theater-frechen.de/wp-content/uploads/2020/01/SchulKino-Logo-rgb-jpg.jpg?resize=400%2C236&amp;ssl=1 400w, https://i0.wp.com/www.linden-theater-frechen.de/wp-content/uploads/2020/01/SchulKino-Logo-rgb-jpg.jpg?w=1280&amp;ssl=1 1280w, https://i0.wp.com/www.linden-theater-frechen.de/wp-content/uploads/2020/01/SchulKino-Logo-rgb-jpg.jpg?w=1920&amp;ssl=1 1920w" sizes="auto, (max-width: 300px) 100vw, 300px" /></p>
<p><strong>Das Linden-Theater nimmt seit 2015 an den jährlich stattfindenden Schulkinowochen NRW teil.</strong></p>
<p>Auch bei den vom <strong>22.1. bis 4.2.2026</strong> stattfindenden Schulkinowochen 2026 sind wir dabei und freuen uns über viele teilnehmende Schulen und Schüler.</p>
<p><img data-recalc-dims="1" loading="lazy" decoding="async" class="alignnone wp-image-16529 size-large" src="https://i0.wp.com/www.linden-theater-frechen.de/wp-content/uploads/2026/01/SKW1_26.png?resize=640%2C190&#038;ssl=1" alt="" width="640" height="190" srcset="https://i0.wp.com/www.linden-theater-frechen.de/wp-content/uploads/2026/01/SKW1_26.png?resize=1024%2C304&amp;ssl=1 1024w, https://i0.wp.com/www.linden-theater-frechen.de/wp-content/uploads/2026/01/SKW1_26.png?resize=300%2C89&amp;ssl=1 300w, https://i0.wp.com/www.linden-theater-frechen.de/wp-content/uploads/2026/01/SKW1_26.png?resize=150%2C45&amp;ssl=1 150w, https://i0.wp.com/www.linden-theater-frechen.de/wp-content/uploads/2026/01/SKW1_26.png?resize=768%2C228&amp;ssl=1 768w, https://i0.wp.com/www.linden-theater-frechen.de/wp-content/uploads/2026/01/SKW1_26.png?resize=400%2C119&amp;ssl=1 400w, https://i0.wp.com/www.linden-theater-frechen.de/wp-content/uploads/2026/01/SKW1_26.png?w=1102&amp;ssl=1 1102w" sizes="auto, (max-width: 640px) 100vw, 640px" /></p>
<p><img data-recalc-dims="1" loading="lazy" decoding="async" class="alignnone size-large wp-image-16457" src="https://i0.wp.com/www.linden-theater-frechen.de/wp-content/uploads/2025/12/Bildschirmfoto-2025-12-11-um-21.25.59.png?resize=640%2C191&#038;ssl=1" alt="" width="640" height="191" srcset="https://i0.wp.com/www.linden-theater-frechen.de/wp-content/uploads/2025/12/Bildschirmfoto-2025-12-11-um-21.25.59.png?resize=1024%2C305&amp;ssl=1 1024w, https://i0.wp.com/www.linden-theater-frechen.de/wp-content/uploads/2025/12/Bildschirmfoto-2025-12-11-um-21.25.59.png?resize=300%2C89&amp;ssl=1 300w, https://i0.wp.com/www.linden-theater-frechen.de/wp-content/uploads/2025/12/Bildschirmfoto-2025-12-11-um-21.25.59.png?resize=150%2C45&amp;ssl=1 150w, https://i0.wp.com/www.linden-theater-frechen.de/wp-content/uploads/2025/12/Bildschirmfoto-2025-12-11-um-21.25.59.png?resize=768%2C229&amp;ssl=1 768w, https://i0.wp.com/www.linden-theater-frechen.de/wp-content/uploads/2025/12/Bildschirmfoto-2025-12-11-um-21.25.59.png?resize=400%2C119&amp;ssl=1 400w, https://i0.wp.com/www.linden-theater-frechen.de/wp-content/uploads/2025/12/Bildschirmfoto-2025-12-11-um-21.25.59.png?w=1099&amp;ssl=1 1099w" sizes="auto, (max-width: 640px) 100vw, 640px" /></p>
<p>Die Anmeldung zu den Schulkinowochen erfolgt ausschließlich über das Projektbüro der Schulkinowochen NRW beim Landschaftsverband Westfalen-Lippe.</p>
<p><a href="https://www.schulkinowochen.nrw.de/de/">Webseite der SchulKinoWochen NRW</a></p>


<p>Hier kommen Sie direkt auf die <a href="https://www.schulkinowochen.nrw.de/de/anmeldung/">Buchungseite</a> der Schulkinowochen NRW.</p>



<p>Auch ausserhalb der Schulkinowochen sind Buchungen von Schulkinoveranstaltungen in der Regel kurz- wie langfristig möglich. Bitte verwenden Sie hierzu unser <a href="https://www.linden-theater-frechen.de/?page_id=158">Kontaktformular</a>. Bitte beachten Sie, dass aus Kostengründen Einzelveranstaltungen in der Regel erst ab einer Mindestzahl von typisch 50 SchülerInnen durchgeführt werden können. Der Preis wird individuell verhandelt, wir bemühen uns aber, auch SchülerInnen aus einkommensschwachen Familien die Möglichkeit zur Teilnahme zu geben.</p>



<p>Weitere Informationen: <a href="https://www.linden-theater-frechen.de/?page_id=6351">Kino für Schulen und Kindergärten</a></p>

</p>
<p>Das Linden-Theater nimmt seit 2015 an den jährlich stattfindenden Schulkinowochen NRW teil.</p>
<p>Auch bei den vom 22.1. bis 4.2.2026 stattfindenden Schulkinowochen 2026 sind wir dabei und freuen uns über viele teilnehmende Schulen und Schüler.</p>
</p>
<p>Die Anmeldung zu den Schulkinowochen erfolgt ausschließlich über das Projektbüro der Schulkinowochen NRW beim Landschaftsverband Westfalen-Lippe.</p>
<p>Webseite der [&#8230;]</p>
